 of f and 187?
17
Suppose -4 + 2 = -2*o. Let a be (6/(-3) + o)*-47. Suppose -3*r + a = 3*v - 19, -3*r + 3*v = -96. What is the greatest common divisor of 3 and r?
3
Let w(l) = 2*l**3 + 14*l**2 - 7*l - 13. Let c be w(-7). Calculate the greatest common factor of 9 and c.
9
Let o = 1 + 3. Suppose -o*l + 506 = h, -2*l - h = -6*h - 242. Calculate the highest common factor of 14 and l.
14
Suppose t + 0*o + o - 7 = 0, 2*o - 23 = -5*t. Suppose t*d - 2 = 13. Let u be (2 - 26/(-2)) + 0. Calculate the greatest common factor of u and d.
5
Suppose -12*w - 4*w + 64 = 0. Calculate the highest common divisor of 100 and w.
4
Let f = 7 + -5. Let q = 10 + -8. Suppose f*o - q*j - 11 = 5, 2*o + 8 = -4*j. What is the greatest common factor of 4 and o?
4
Suppose 80 = 3*k + 2*l - l, -5*k + 145 = 4*l. Calculate the highest common divisor of k and 225.
25
Let g be (-4)/3*(-18)/4. Suppose -90 = z - g*z. Suppose -4*s - i + 507 = 0, 2*s + 2*i - 271 + 13 = 0. What is the highest common divisor of s and z?
18
Let s(a) = 45 + 0*a - 43 + 2*a. Let t(l) = l**3 - 5*l**2 + 6*l - 3. Let i be t(4). Let h be s(i). What is the greatest common factor of 48 and h?
12
Suppose -2*q + 7*q + 2*u = 309, -5*q - 3*u + 306 = 0. Calculate the highest common factor of 42 and q.
21
Let y be 2/5 + (-246)/(-10). Let d = 56 - 6. Calculate the greatest common factor of y and d.
25
Suppose -g - r = -4, -3*g - 4*r + 3 = -7. Let i be g*(-3)/(-9)*3. What is the highest common factor of 18 and i?
6
Let d(n) = n**3 - 5*n**2 - 3*n - 8. Let k be d(6). Let h be 78 + -2*(-1 - 0). Calculate the greatest common divisor of k and h.
10
Let y = 510 - 240. Calculate the highest common divisor of y and 108.
54
Suppose 0 = -81*b + 73*b + 832. What is the greatest common divisor of 26 and b?
26
Suppose -154 = -5*y - 5*q - 29, -101 = -5*y + 3*q. Suppose 4*g + 22 = 6*g - m, 0 = 5*m. Calculate the highest common divisor of y and g.
11
Let l = -30 - -20. Suppose -p = -2*p - 3*q - 31, -5*q + 39 = -4*p. Let k = l - p. What is the highest common factor of k and 42?
6
Let q(d) = -d**3 - 7*d**2 - d - 5. Let w be q(-7). Suppose -3*z - 34 = -2*n, -5*z + 32 = 4*n - w*z. What is the greatest common factor of 11 and n?
11
Suppose -2*z - 12 = 3*k - 75, z = k - 16. What is the greatest common divisor of k and 133?
19
Suppose 4*l - 4*m - m - 459 = 0, -5*l = -2*m - 595. Calculate the highest common divisor of l and 11.
11
Suppose 9*x - 26*x + 340 = 0. Calculate the highest common factor of 30 and x.
10
Let z(y) be the first derivative of -y**2/2 + y - 1. Let d be z(-7). What is the highest common divisor of 72 and d?
8
Let c(s) = -s**2 - 10*s + 1. Let w be c(-7). Let u = w - 14. Calculate the greatest common factor of 16 and u.
8
Let p(u) = u**2 - 4*u. Let i be p(3). Let w(l) be the first derivative of l**3/3 + l**2 + l + 9. Let d be w(i). What is the highest common divisor of 20 and d?
4
Let a be (-7)/(3*1/(-3)). Suppose 2*w - a = -5*n - 0*w, 5*w = 4*n - 32. Let f = -24 - -45. What is the highest common factor of n and f?
3
Suppose o = -2*o + 1818. Suppose -2*u + 237 = 2*c - u, -5*c + 2*u + o = 0. What is the greatest common factor of c and 15?
15
Let i = 1 - -3. Let b(w) = 21*w - 4. Let r be b(i). What is the greatest common divisor of r and 10?
10
Let c(z) = 3*z**2 + 3*z + 6. Let l be c(-5). Suppose -3*y - 10 = -2*y. Let m = 16 + y. Calculate the highest common factor of m and l.
6
Suppose 0 = -3*c + 6*c - 12. Let j = -1 + c. Let y be j + (-1)/((-1)/35). What is the greatest common divisor of y and 19?
19
Suppose -3*k - 8 = -5*z + 5, 10 = 2*z. Suppose 0 = k*s + 24 - 128. Calculate the greatest common factor of s and 65.
13
Let v(g) = 5*g**2 + 7*g + 18. Let o be v(-2). What is the greatest common factor of 132 and o?
12
Suppose y = 3*y - 72. Let m(b) = b**3 - 4*b**2 - 7*b - 1. Let x be m(5). Let o = -2 - x. Calculate the greatest common divisor of o and y.
9
Let i = 84 + -70. Suppose 0 = -2*d + 3 + 67. Calculate the greatest common divisor of d and i.
7
Let w be (-3 - 0)/(1/(-2)). What is the greatest common factor of 6 and w?
6
Let o = 4 - 2. Let i(y) = -2*y - 6. Let c be i(-7). Calculate the greatest common divisor of c and o.
2
Suppose -3*i = 2*g + 27, -4*i + 5*i + 3 = 0. Let t be 17/3 + (-3)/g. What is the highest common divisor of t and 6?
6
Suppose 12 = -4*s, 23 = -5*u - 2*s - 78. Let p = u + 30. Let w be ((-33)/2)/((-6)/16). Calculate the highest common divisor of w and p.
11
Let g(a) = -8*a - 8. Let l be g(-6). What is the greatest common divisor of 100 and l?
20
Let k be 1/(-3) + (-1180)/(-30). Calculate the highest common factor of 3 and k.
3
Let f = -2 - -4. Suppose -2*k - 12 = f*c - c, -15 = 5*c + k. Let h be 0/(5 + c) - -21. Calculate the highest common divisor of h and 147.
21
Suppose -5*z - c + 31 = 0, -c = -3*z + 36 - 11. What is the greatest common divisor of 56 and z?
7
Suppose 21*i = 22*i - 57. What is the greatest common factor of i and 95?
19
Suppose -3*v - 2*r + 45 = 0, 2*v - 3*r + r - 40 = 0. What is the greatest common divisor of v and 51?
17
Let f be -19*(-2 - (3 - 4)). Calculate the highest common factor of 209 and f.
19
Let p be 2/9 + (-3012)/(-54). What is the greatest common divisor of p and 7?
7
Suppose -12 = 4*p + y - 34, -2*p = 4*y - 18. Suppose -4*c - c = -5*q + 235, -p*q + 250 = -2*c. What is the highest common divisor of 13 and q?
13
Let c(g) = g + 3. Let q be c(11). Calculate the highest common factor of q and 35.
7
Suppose 4*p + 5*m = 25, -10 - 5 = 5*m. Calculate the highest common factor of 2 and p.
2
Let s be (1*-1)/((-10)/240). What is the highest common divisor of s and 168?
24
Suppose -4*t + 0 + 4 = 0, 5*p = -2*t + 222. Calculate the highest common divisor of p and 11.
11
Suppose 130 = -4*n - 182. Suppose -y + 5*a + 197 = 0, -2*y + 5*y - 4*a - 547 = 0. Let u = y + n. Calculate the highest common factor of u and 9.
9
Let f = 18 + -14. Let v(w) = -w**3 - 3*w**2 - 3*w + 4. Let s be v(-4). What is the highest common factor of f and s?
4
Let p be ((-228)/9)/((-4)/6). What is the greatest common divisor of 57 and p?
19
Let c be (27 - 5)/(2/4). Calculate the highest common factor of 110 and c.
22
Let i be -1 - -15 - (5 - 2). What is the greatest common divisor of 22 and i?
11
Let k(h) = 108*h**2. Let j be (-24)/(-9) - 4/6. Let y be -1 - -1 - (j + -1). Let q be k(y). Calculate the greatest common divisor of q and 12.
12
Suppose -y + 2*y = -6. Let w be -3*(0 + 376/y). Suppose -w = -5*h + 97. What is the greatest common factor of 38 and h?
19
Let v = 116 - 66. Let a = v + -30. What is the greatest common factor of 10 and a?
10
Suppose -y + 2*d = -2 - 2, 2*y - d - 8 = 0. What is the highest common divisor of 12 and y?
4
Let d(a) = -7*a - 8. Let v be d(-4). What is the greatest common factor of 180 and v?
20
Let a(t) = -2*t**3 - 12*t**2 - 9*t - 14. Let p be a(-6). What is the greatest common factor of p and 20?
20
Suppose 2*y - 234 = 4*o, 3*o + 3*y - 107 = 5*o. Let r = -33 - o. What is the greatest common divisor of r and 308?
28
Let t(r) = 3*r**2 - 5*r + 1. Let l be t(2). Suppose 0 = -0*a - 5*a + 10. Calculate the greatest common factor of l and a.
1
Let w be 33/1 - 3/(-6)*6. What is the highest common factor of w and 180?
36
Suppose 0 = 22*k - 23*k + 6. Calculate the highest common divisor of k and 54.
6
Suppose 0 = -5*c - 5*u + 1 + 29, 5*u = -4*c + 28. Suppose -g = -4, -c*q = -q - 4*g + 10. Calculate the greatest common factor of 12 and q.
6
Let v be (57/(-3))/((-2)/2). What is the highest common divisor of v and 57?
19
Let h be 2 + (-3 - -1) + 120. What is the greatest common divisor of h and 15?
15
Let k(z) = z**2 - 1. Let r be k(-3). Let q be (-2)/1 + 18 + 0. What is the highest common factor of q and r?
8
Suppose -12*q + 14 = -58. What is the greatest common divisor of 78 and q?
6
Let r = -18 - -34. Suppose 14 + r = 5*p. Let c be (p/(-18))/((-1)/27). What is the greatest common factor of c and 99?
9
Suppose -3*p = 20 - 155. What is the highest common factor of 30 and p?
15
Let t(n) = -n**3 - 16*n**2 + 17*n + 8. Let y be t(-17). Calculate the highest common factor of y and 20.
4
Suppose -3*j = 3*c - 21, 0 = j + 2*c - 8 - 0. What is the greatest common divisor of 6 and j?
6
Suppose -46 = -2*c + 4*n - 10, -c - 6 = 4*n. Suppose -l - 2*p + 42 + 38 = 0, 4*l + 2*p = 320. Calculate the highest common 